{"id":2612,"date":"2024-02-18T18:52:59","date_gmt":"2024-02-18T18:52:59","guid":{"rendered":"https:\/\/staging.bjorkoarholma.se\/?page_id=2612"},"modified":"2024-02-19T15:13:15","modified_gmt":"2024-02-19T15:13:15","slug":"bjorko-allting","status":"publish","type":"page","link":"https:\/\/staging.bjorkoarholma.se\/?page_id=2612","title":{"rendered":"Bj\u00f6rk\u00f6 allting"},"content":{"rendered":"\n<p>Bj\u00f6rk\u00f6 allting \u00e4r en \u00e5terkommande aktivitet som brukar g\u00e5 av stapeln i b\u00f6rjan av augusti. D\u00e5 f\u00f6rvandlas hembygdsg\u00e5rdens tr\u00e4dg\u00e5rd till en marknadsplats d\u00e4r massor av prylar f\u00e5r chansen att byta \u00e4gare. P\u00e5 alltinget beh\u00f6ver du anm\u00e4la dig f\u00f6r att f\u00e5 plats f\u00f6r att s\u00e4lja dina prylar.  F\u00f6rutom detta finns ocks\u00e5 kaffeservering mm.<\/p>\n\n\n\n<figure class=\"wp-block-gallery has-nested-images columns-default is-cropped wp-block-gallery-1 is-layout-flex wp-block-gallery-is-layout-flex\">\n<figure class=\"wp-block-image size-large\"><img fetchpriority=\"high\" decoding=\"async\" width=\"534\" height=\"800\" data-id=\"2606\" src=\"https:\/\/staging.bjorkoarholma.se\/wp-content\/uploads\/2024\/02\/Allting-2.jpg\" alt=\"\" class=\"wp-image-2606\" srcset=\"https:\/\/staging.bjorkoarholma.se\/wp-content\/uploads\/2024\/02\/Allting-2.jpg 534w, https:\/\/staging.bjorkoarholma.se\/wp-content\/uploads\/2024\/02\/Allting-2-200x300.jpg 200w, https:\/\/staging.bjorkoarholma.se\/wp-content\/uploads\/2024\/02\/Allting-2-427x640.jpg 427w\" sizes=\"(max-width: 534px) 100vw, 534px\" \/><figcaption class=\"wp-element-caption\">Bakluckef\u00f6rs\u00e4ljning<\/figcaption><\/figure>\n\n\n\n<figure class=\"wp-block-image size-large\"><img decoding=\"async\" width=\"1024\" height=\"683\" data-id=\"2609\" src=\"https:\/\/staging.bjorkoarholma.se\/wp-content\/uploads\/2024\/02\/Allting-5-1024x683.jpg\" alt=\"\" class=\"wp-image-2609\" srcset=\"https:\/\/staging.bjorkoarholma.se\/wp-content\/uploads\/2024\/02\/Allting-5-1024x683.jpg 1024w, https:\/\/staging.bjorkoarholma.se\/wp-content\/uploads\/2024\/02\/Allting-5-300x200.jpg 300w, https:\/\/staging.bjorkoarholma.se\/wp-content\/uploads\/2024\/02\/Allting-5-768x512.jpg 768w, https:\/\/staging.bjorkoarholma.se\/wp-content\/uploads\/2024\/02\/Allting-5-640x427.jpg 640w, https:\/\/staging.bjorkoarholma.se\/wp-content\/uploads\/2024\/02\/Allting-5.jpg 1199w\" sizes=\"(max-width: 1024px) 100vw, 1024px\" \/><\/figure>\n\n\n\n<figure class=\"wp-block-image size-large\"><img decoding=\"async\" width=\"1024\" height=\"683\" data-id=\"2608\" src=\"https:\/\/staging.bjorkoarholma.se\/wp-content\/uploads\/2024\/02\/Allting-4-1024x683.jpg\" alt=\"\" class=\"wp-image-2608\" srcset=\"https:\/\/staging.bjorkoarholma.se\/wp-content\/uploads\/2024\/02\/Allting-4-1024x683.jpg 1024w, https:\/\/staging.bjorkoarholma.se\/wp-content\/uploads\/2024\/02\/Allting-4-300x200.jpg 300w, https:\/\/staging.bjorkoarholma.se\/wp-content\/uploads\/2024\/02\/Allting-4-768x512.jpg 768w, https:\/\/staging.bjorkoarholma.se\/wp-content\/uploads\/2024\/02\/Allting-4-640x427.jpg 640w, https:\/\/staging.bjorkoarholma.se\/wp-content\/uploads\/2024\/02\/Allting-4.jpg 1199w\" sizes=\"(max-width: 1024px) 100vw, 1024px\" \/><\/figure>\n\n\n\n<figure class=\"wp-block-image size-large\"><img loading=\"lazy\" decoding=\"async\" width=\"1024\" height=\"683\" data-id=\"2607\" src=\"https:\/\/staging.bjorkoarholma.se\/wp-content\/uploads\/2024\/02\/Allting-3-1024x683.jpg\" alt=\"\" class=\"wp-image-2607\" srcset=\"https:\/\/staging.bjorkoarholma.se\/wp-content\/uploads\/2024\/02\/Allting-3-1024x683.jpg 1024w, https:\/\/staging.bjorkoarholma.se\/wp-content\/uploads\/2024\/02\/Allting-3-300x200.jpg 300w, https:\/\/staging.bjorkoarholma.se\/wp-content\/uploads\/2024\/02\/Allting-3-768x512.jpg 768w, https:\/\/staging.bjorkoarholma.se\/wp-content\/uploads\/2024\/02\/Allting-3-640x427.jpg 640w, https:\/\/staging.bjorkoarholma.se\/wp-content\/uploads\/2024\/02\/Allting-3.jpg 1199w\" sizes=\"(max-width: 1024px) 100vw, 1024px\" \/><\/figure>\n\n\n\n<figure class=\"wp-block-image size-large\"><img loading=\"lazy\" decoding=\"async\" width=\"1024\" height=\"683\" data-id=\"2610\" src=\"https:\/\/staging.bjorkoarholma.se\/wp-content\/uploads\/2024\/02\/Allting-6-1024x683.jpg\" alt=\"\" class=\"wp-image-2610\" srcset=\"https:\/\/staging.bjorkoarholma.se\/wp-content\/uploads\/2024\/02\/Allting-6-1024x683.jpg 1024w, https:\/\/staging.bjorkoarholma.se\/wp-content\/uploads\/2024\/02\/Allting-6-300x200.jpg 300w, https:\/\/staging.bjorkoarholma.se\/wp-content\/uploads\/2024\/02\/Allting-6-768x512.jpg 768w, https:\/\/staging.bjorkoarholma.se\/wp-content\/uploads\/2024\/02\/Allting-6-640x427.jpg 640w, https:\/\/staging.bjorkoarholma.se\/wp-content\/uploads\/2024\/02\/Allting-6.jpg 1199w\" sizes=\"(max-width: 1024px) 100vw, 1024px\" \/><\/figure>\n\n\n\n<figure class=\"wp-block-image size-large\"><img loading=\"lazy\" decoding=\"async\" width=\"534\" height=\"800\" data-id=\"2605\" src=\"https:\/\/staging.bjorkoarholma.se\/wp-content\/uploads\/2024\/02\/Allting-1.jpg\" alt=\"\" class=\"wp-image-2605\" srcset=\"https:\/\/staging.bjorkoarholma.se\/wp-content\/uploads\/2024\/02\/Allting-1.jpg 534w, https:\/\/staging.bjorkoarholma.se\/wp-content\/uploads\/2024\/02\/Allting-1-200x300.jpg 200w, https:\/\/staging.bjorkoarholma.se\/wp-content\/uploads\/2024\/02\/Allting-1-427x640.jpg 427w\" sizes=\"(max-width: 534px) 100vw, 534px\" \/><\/figure>\n<\/figure>\n","protected":false},"excerpt":{"rendered":"<p>Bj\u00f6rk\u00f6 allting \u00e4r en \u00e5terkommande aktivitet som brukar g\u00e5 av stapeln i b\u00f6rjan av augusti. D\u00e5 f\u00f6rvandlas hembygdsg\u00e5rdens tr\u00e4dg\u00e5rd till en marknadsplats d\u00e4r massor av prylar f\u00e5r chansen att byta \u00e4gare. P\u00e5 alltinget beh\u00f6ver du anm\u00e4la dig f\u00f6r att f\u00e5 plats f\u00f6r att s\u00e4lja&#8230;<\/p>\n","protected":false},"author":5,"featured_media":0,"parent":0,"menu_order":0,"comment_status":"closed","ping_status":"closed","template":"","meta":{"_monsterinsights_skip_tracking":false,"_monsterinsights_sitenote_active":false,"_monsterinsights_sitenote_note":"","_monsterinsights_sitenote_category":0,"footnotes":""},"class_list":["post-2612","page","type-page","status-publish","hentry"],"aioseo_notices":[],"_links":{"self":[{"href":"https:\/\/staging.bjorkoarholma.se\/index.php?rest_route=\/wp\/v2\/pages\/2612","targetHints":{"allow":["GET"]}}],"collection":[{"href":"https:\/\/staging.bjorkoarholma.se\/index.php?rest_route=\/wp\/v2\/pages"}],"about":[{"href":"https:\/\/staging.bjorkoarholma.se\/index.php?rest_route=\/wp\/v2\/types\/page"}],"author":[{"embeddable":true,"href":"https:\/\/staging.bjorkoarholma.se\/index.php?rest_route=\/wp\/v2\/users\/5"}],"replies":[{"embeddable":true,"href":"https:\/\/staging.bjorkoarholma.se\/index.php?rest_route=%2Fwp%2Fv2%2Fcomments&post=2612"}],"version-history":[{"count":3,"href":"https:\/\/staging.bjorkoarholma.se\/index.php?rest_route=\/wp\/v2\/pages\/2612\/revisions"}],"predecessor-version":[{"id":2708,"href":"https:\/\/staging.bjorkoarholma.se\/index.php?rest_route=\/wp\/v2\/pages\/2612\/revisions\/2708"}],"wp:attachment":[{"href":"https:\/\/staging.bjorkoarholma.se\/index.php?rest_route=%2Fwp%2Fv2%2Fmedia&parent=2612"}],"curies":[{"name":"wp","href":"https:\/\/api.w.org\/{rel}","templated":true}]}}