{"id":2910,"date":"2024-02-22T15:30:45","date_gmt":"2024-02-22T15:30:45","guid":{"rendered":"https:\/\/staging.bjorkoarholma.se\/?page_id=2910"},"modified":"2024-02-25T17:39:48","modified_gmt":"2024-02-25T17:39:48","slug":"evenemang-2","status":"publish","type":"page","link":"https:\/\/staging.bjorkoarholma.se\/?page_id=2910","title":{"rendered":"Evenemang"},"content":{"rendered":"\n<p>P\u00e5 underliggande sidor finner du information om evenemang kopplade till bygden.<\/p>\n\n\n\n<h5 class=\"wp-block-heading\"><strong>Evenemangskalendern<\/strong><\/h5>\n\n\n\n<p>Denna sida hj\u00e4lper dig att f\u00e5 \u00f6verblick \u00f6ver kommande evenemang. n\u00e4r du klickar p\u00e5 rubriken f\u00f6r evenemanget finner du h\u00e4r ytterligare information. Vi kommer h\u00e4r f\u00f6rs\u00f6ka samla det du beh\u00f6ver veta om arrangemanget.<\/p>\n\n\n\n<h5 class=\"wp-block-heading\"><strong>\u00d6vriga evenemangssidor<\/strong><\/h5>\n\n\n\n<p>P\u00e5 dessa sidor f\u00f6rs\u00f6ker vi med text och bilder ge en uppfattning om hur \u00e5terkommande evenemang kan se ut. Vi h\u00e4r \u00e4ven ibland l\u00e4gga aktuell information om ett arrangemang under innevarande \u00e5r.<\/p>\n\n\n\n<p>  <\/p>\n\n\n\n<figure class=\"wp-block-image size-large\"><img fetchpriority=\"high\" decoding=\"async\" width=\"1024\" height=\"684\" src=\"https:\/\/staging.bjorkoarholma.se\/wp-content\/uploads\/2024\/02\/Strovtag-6-1024x684.jpg\" alt=\"\" class=\"wp-image-2917\" srcset=\"https:\/\/staging.bjorkoarholma.se\/wp-content\/uploads\/2024\/02\/Strovtag-6-1024x684.jpg 1024w, https:\/\/staging.bjorkoarholma.se\/wp-content\/uploads\/2024\/02\/Strovtag-6-300x200.jpg 300w, https:\/\/staging.bjorkoarholma.se\/wp-content\/uploads\/2024\/02\/Strovtag-6-768x513.jpg 768w, https:\/\/staging.bjorkoarholma.se\/wp-content\/uploads\/2024\/02\/Strovtag-6-1536x1025.jpg 1536w, https:\/\/staging.bjorkoarholma.se\/wp-content\/uploads\/2024\/02\/Strovtag-6-640x427.jpg 640w, https:\/\/staging.bjorkoarholma.se\/wp-content\/uploads\/2024\/02\/Strovtag-6.jpg 1600w\" sizes=\"(max-width: 1024px) 100vw, 1024px\" \/><\/figure>\n","protected":false},"excerpt":{"rendered":"<p>P\u00e5 underliggande sidor finner du information om evenemang kopplade till bygden. Evenemangskalendern Denna sida hj\u00e4lper dig att f\u00e5 \u00f6verblick \u00f6ver kommande evenemang. n\u00e4r du klickar p\u00e5 rubriken f\u00f6r evenemanget finner du h\u00e4r ytterligare information. Vi kommer h\u00e4r f\u00f6rs\u00f6ka samla det du beh\u00f6ver veta om&#8230;<\/p>\n","protected":false},"author":5,"featured_media":0,"parent":0,"menu_order":0,"comment_status":"closed","ping_status":"closed","template":"","meta":{"_monsterinsights_skip_tracking":false,"_monsterinsights_sitenote_active":false,"_monsterinsights_sitenote_note":"","_monsterinsights_sitenote_category":0,"footnotes":""},"class_list":["post-2910","page","type-page","status-publish","hentry"],"aioseo_notices":[],"_links":{"self":[{"href":"https:\/\/staging.bjorkoarholma.se\/index.php?rest_route=\/wp\/v2\/pages\/2910","targetHints":{"allow":["GET"]}}],"collection":[{"href":"https:\/\/staging.bjorkoarholma.se\/index.php?rest_route=\/wp\/v2\/pages"}],"about":[{"href":"https:\/\/staging.bjorkoarholma.se\/index.php?rest_route=\/wp\/v2\/types\/page"}],"author":[{"embeddable":true,"href":"https:\/\/staging.bjorkoarholma.se\/index.php?rest_route=\/wp\/v2\/users\/5"}],"replies":[{"embeddable":true,"href":"https:\/\/staging.bjorkoarholma.se\/index.php?rest_route=%2Fwp%2Fv2%2Fcomments&post=2910"}],"version-history":[{"count":5,"href":"https:\/\/staging.bjorkoarholma.se\/index.php?rest_route=\/wp\/v2\/pages\/2910\/revisions"}],"predecessor-version":[{"id":3023,"href":"https:\/\/staging.bjorkoarholma.se\/index.php?rest_route=\/wp\/v2\/pages\/2910\/revisions\/3023"}],"wp:attachment":[{"href":"https:\/\/staging.bjorkoarholma.se\/index.php?rest_route=%2Fwp%2Fv2%2Fmedia&parent=2910"}],"curies":[{"name":"wp","href":"https:\/\/api.w.org\/{rel}","templated":true}]}}