{"id":2928,"date":"2024-02-22T17:16:48","date_gmt":"2024-02-22T17:16:48","guid":{"rendered":"https:\/\/staging.bjorkoarholma.se\/?page_id=2928"},"modified":"2024-02-22T17:16:48","modified_gmt":"2024-02-22T17:16:48","slug":"foreningen-3","status":"publish","type":"page","link":"https:\/\/staging.bjorkoarholma.se\/?page_id=2928","title":{"rendered":"F\u00f6reningen"},"content":{"rendered":"\n<p>Bj\u00f6rk\u00f6-Arholma hembygdsf\u00f6rening verkar f\u00f6r att kunskapen om och k\u00e4nslan f\u00f6r bygdens&nbsp;kultur- och naturarv f\u00f6rdjupas och f\u00f6rs vidare, att minnen och milj\u00f6er tas till vara och g\u00f6rs tillg\u00e4ngliga och bidrar genom sin verksamhet till trivsel och samverkan p\u00e5 orten.<\/p>\n\n\n\n<p>Bj\u00f6rk\u00f6-Arholma hembygdsf\u00f6rening \u00e4r en kulturf\u00f6rening. Styrelsen och v\u00e5ra arbetsgrupper arbetar f\u00f6r att \u00f6ka kunskapen om bygdens kultur- och naturarv, bevara minnen och milj\u00f6er och f\u00f6r att bidra till trivsel och samverkan. F\u00f6reningen bildades 1959, vi har cirka 1 000 medlemmar.<\/p>\n\n\n\n<p>P\u00e5 sidorna under denna meny samlar vi information om f\u00f6reningen.<\/p>\n\n\n\n<figure class=\"wp-block-image size-full\"><img fetchpriority=\"high\" decoding=\"async\" width=\"960\" height=\"480\" src=\"https:\/\/staging.bjorkoarholma.se\/wp-content\/uploads\/2021\/04\/Teater.jpg\" alt=\"\" class=\"wp-image-993\" srcset=\"https:\/\/staging.bjorkoarholma.se\/wp-content\/uploads\/2021\/04\/Teater.jpg 960w, https:\/\/staging.bjorkoarholma.se\/wp-content\/uploads\/2021\/04\/Teater-300x150.jpg 300w, https:\/\/staging.bjorkoarholma.se\/wp-content\/uploads\/2021\/04\/Teater-768x384.jpg 768w\" sizes=\"(max-width: 960px) 100vw, 960px\" \/><\/figure>\n","protected":false},"excerpt":{"rendered":"<p>Bj\u00f6rk\u00f6-Arholma hembygdsf\u00f6rening verkar f\u00f6r att kunskapen om och k\u00e4nslan f\u00f6r bygdens&nbsp;kultur- och naturarv f\u00f6rdjupas och f\u00f6rs vidare, att minnen och milj\u00f6er tas till vara och g\u00f6rs tillg\u00e4ngliga och bidrar genom sin verksamhet till trivsel och samverkan p\u00e5 orten. Bj\u00f6rk\u00f6-Arholma hembygdsf\u00f6rening \u00e4r en kulturf\u00f6rening. Styrelsen&#8230;<\/p>\n","protected":false},"author":5,"featured_media":0,"parent":0,"menu_order":0,"comment_status":"closed","ping_status":"closed","template":"","meta":{"_monsterinsights_skip_tracking":false,"_monsterinsights_sitenote_active":false,"_monsterinsights_sitenote_note":"","_monsterinsights_sitenote_category":0,"footnotes":""},"class_list":["post-2928","page","type-page","status-publish","hentry"],"aioseo_notices":[],"_links":{"self":[{"href":"https:\/\/staging.bjorkoarholma.se\/index.php?rest_route=\/wp\/v2\/pages\/2928","targetHints":{"allow":["GET"]}}],"collection":[{"href":"https:\/\/staging.bjorkoarholma.se\/index.php?rest_route=\/wp\/v2\/pages"}],"about":[{"href":"https:\/\/staging.bjorkoarholma.se\/index.php?rest_route=\/wp\/v2\/types\/page"}],"author":[{"embeddable":true,"href":"https:\/\/staging.bjorkoarholma.se\/index.php?rest_route=\/wp\/v2\/users\/5"}],"replies":[{"embeddable":true,"href":"https:\/\/staging.bjorkoarholma.se\/index.php?rest_route=%2Fwp%2Fv2%2Fcomments&post=2928"}],"version-history":[{"count":1,"href":"https:\/\/staging.bjorkoarholma.se\/index.php?rest_route=\/wp\/v2\/pages\/2928\/revisions"}],"predecessor-version":[{"id":2931,"href":"https:\/\/staging.bjorkoarholma.se\/index.php?rest_route=\/wp\/v2\/pages\/2928\/revisions\/2931"}],"wp:attachment":[{"href":"https:\/\/staging.bjorkoarholma.se\/index.php?rest_route=%2Fwp%2Fv2%2Fmedia&parent=2928"}],"curies":[{"name":"wp","href":"https:\/\/api.w.org\/{rel}","templated":true}]}}