{"id":3049,"date":"2024-02-25T22:21:15","date_gmt":"2024-02-25T22:21:15","guid":{"rendered":"https:\/\/staging.bjorkoarholma.se\/?page_id=3049"},"modified":"2024-02-25T22:33:39","modified_gmt":"2024-02-25T22:33:39","slug":"om-bjorko-2","status":"publish","type":"page","link":"https:\/\/staging.bjorkoarholma.se\/?page_id=3049","title":{"rendered":"Om Bj\u00f6rk\u00f6"},"content":{"rendered":"\n<h3 class=\"wp-block-heading\">Bj\u00f6rk\u00f6 i Norrt\u00e4lje<\/h3>\n\n\n\n<div class=\"wp-block-media-text is-stacked-on-mobile\" style=\"grid-template-columns:37% auto\"><figure class=\"wp-block-media-text__media\"><img fetchpriority=\"high\" decoding=\"async\" width=\"764\" height=\"1024\" src=\"https:\/\/staging.bjorkoarholma.se\/wp-content\/uploads\/2021\/03\/Karta-Strovtag_hi-764x1024.jpg\" alt=\"\" class=\"wp-image-939 size-full\" srcset=\"https:\/\/staging.bjorkoarholma.se\/wp-content\/uploads\/2021\/03\/Karta-Strovtag_hi-764x1024.jpg 764w, https:\/\/staging.bjorkoarholma.se\/wp-content\/uploads\/2021\/03\/Karta-Strovtag_hi-224x300.jpg 224w, https:\/\/staging.bjorkoarholma.se\/wp-content\/uploads\/2021\/03\/Karta-Strovtag_hi-768x1029.jpg 768w, https:\/\/staging.bjorkoarholma.se\/wp-content\/uploads\/2021\/03\/Karta-Strovtag_hi-1146x1536.jpg 1146w, https:\/\/staging.bjorkoarholma.se\/wp-content\/uploads\/2021\/03\/Karta-Strovtag_hi.jpg 1350w\" sizes=\"(max-width: 764px) 100vw, 764px\" \/><\/figure><div class=\"wp-block-media-text__content\">\n<p>Du hittar v\u00e5rt Bj\u00f6rk\u00f6 i den norra delen av Stockholms sk\u00e4rg\u00e5rd, i Norrt\u00e4lje kommun.<\/p>\n<\/div><\/div>\n\n\n\n<h3 class=\"wp-block-heading\">Kommunikationer<\/h3>\n\n\n\n<h5 class=\"wp-block-heading\">Kom hit med bil\u00a0eller buss 636<\/h5>\n\n\n\n<div class=\"wp-block-media-text is-stacked-on-mobile\" style=\"grid-template-columns:39% auto\"><figure class=\"wp-block-media-text__media\"><img decoding=\"async\" width=\"400\" height=\"300\" src=\"https:\/\/staging.bjorkoarholma.se\/wp-content\/uploads\/2021\/03\/Om-Bjorko-Buss-400x300px.jpg\" alt=\"\" class=\"wp-image-871 size-full\" srcset=\"https:\/\/staging.bjorkoarholma.se\/wp-content\/uploads\/2021\/03\/Om-Bjorko-Buss-400x300px.jpg 400w, https:\/\/staging.bjorkoarholma.se\/wp-content\/uploads\/2021\/03\/Om-Bjorko-Buss-400x300px-300x225.jpg 300w\" sizes=\"(max-width: 400px) 100vw, 400px\" \/><\/figure><div class=\"wp-block-media-text__content\">\n<p>\u00d6n har bilv\u00e4g till fastlandet och flera dagliga bussturer till Norrt\u00e4lje, Stockholm och Uppsala. Landsv\u00e4gen, som \u00e4r b\u00e5de krokig och smal, g\u00e5r s\u00f6derut fr\u00e5n V\u00e4dd\u00f6 genom \u00f6n med alla k\u00e4nda sommarlovskolonier, Barnens \u00d6.<\/p>\n<\/div><\/div>\n\n\n\n<h5 class=\"wp-block-heading\">Kom hit med sk\u00e4rg\u00e5rdsb\u00e5t fr\u00e5n Stockholm eller Norrt\u00e4lje<\/h5>\n\n\n\n<div class=\"wp-block-media-text is-stacked-on-mobile\" style=\"grid-template-columns:40% auto\"><figure class=\"wp-block-media-text__media\"><img decoding=\"async\" width=\"400\" height=\"300\" src=\"https:\/\/staging.bjorkoarholma.se\/wp-content\/uploads\/2021\/03\/Om-Bjorko-Sjobris400x300px.jpg\" alt=\"\" class=\"wp-image-880 size-full\" srcset=\"https:\/\/staging.bjorkoarholma.se\/wp-content\/uploads\/2021\/03\/Om-Bjorko-Sjobris400x300px.jpg 400w, https:\/\/staging.bjorkoarholma.se\/wp-content\/uploads\/2021\/03\/Om-Bjorko-Sjobris400x300px-300x225.jpg 300w\" sizes=\"(max-width: 400px) 100vw, 400px\" \/><\/figure><div class=\"wp-block-media-text__content\">\n<p>Waxholmsbolaget trafikerar tv\u00e5 bryggor p\u00e5 Bj\u00f6rk\u00f6. Den ena \u00e4r Simpn\u00e4s med passb\u00e5t till Arholma och den andra \u00e4r bryggan i \u00d6stersj\u00f6, som under sommaren trafikeras av Nord-Sydliga sk\u00e4rg\u00e5rdslinjen och b\u00e5tar till Stockholm.<\/p>\n<\/div><\/div>\n\n\n\n<h3 class=\"wp-block-heading\">Klippor, hav och skogar<\/h3>\n\n\n\n<div class=\"wp-block-media-text is-stacked-on-mobile\" style=\"grid-template-columns:41% auto\"><figure class=\"wp-block-media-text__media\"><img loading=\"lazy\" decoding=\"async\" width=\"400\" height=\"300\" src=\"https:\/\/staging.bjorkoarholma.se\/wp-content\/uploads\/2021\/03\/Om-Bjorko-Klippor-400x300px.jpg\" alt=\"\" class=\"wp-image-878 size-full\" srcset=\"https:\/\/staging.bjorkoarholma.se\/wp-content\/uploads\/2021\/03\/Om-Bjorko-Klippor-400x300px.jpg 400w, https:\/\/staging.bjorkoarholma.se\/wp-content\/uploads\/2021\/03\/Om-Bjorko-Klippor-400x300px-300x225.jpg 300w\" sizes=\"(max-width: 400px) 100vw, 400px\" \/><\/figure><div class=\"wp-block-media-text__content\">\n<p>Bj\u00f6rk\u00f6s st\u00f6rsta tillg\u00e5ng \u00e4r naturen. H\u00e4r finns b\u00e5de tystnad och stj\u00e4rnhimmel, stora skogar, naturreservat, sandstr\u00e4nder, f\u00e5gelskyddsomr\u00e5den och riksintressem\u00e4rkt kust.<\/p>\n<\/div><\/div>\n\n\n\n<h3 class=\"wp-block-heading\">Infrastruktur<\/h3>\n\n\n\n<div class=\"wp-block-media-text is-stacked-on-mobile\" style=\"grid-template-columns:43% auto\"><figure class=\"wp-block-media-text__media\"><img loading=\"lazy\" decoding=\"async\" width=\"400\" height=\"300\" src=\"https:\/\/staging.bjorkoarholma.se\/wp-content\/uploads\/2021\/03\/Om-Bjorko-Backa-400x300px.jpg\" alt=\"\" class=\"wp-image-875 size-full\" srcset=\"https:\/\/staging.bjorkoarholma.se\/wp-content\/uploads\/2021\/03\/Om-Bjorko-Backa-400x300px.jpg 400w, https:\/\/staging.bjorkoarholma.se\/wp-content\/uploads\/2021\/03\/Om-Bjorko-Backa-400x300px-300x225.jpg 300w\" sizes=\"(max-width: 400px) 100vw, 400px\" \/><\/figure><div class=\"wp-block-media-text__content\">\n<p>Bj\u00f6rk\u00f6 har en egen f\u00f6rskola, fr\u00e5n f\u00f6rskoleklass \u00e4r den n\u00e4rmaste skolan i \u00c4lmsta. ICA-Barometern, v\u00e5r lanthandel mitt p\u00e5 \u00f6n har bensin och systemutl\u00e4mning. Posten kommer med lantbrevb\u00e4rare och dagstidningarna med tidningsbud p\u00e5 morgonen. Paketutl\u00e4mning, l\u00e4karstation, apotek och andra butiker finns i \u00c4lmsta.<\/p>\n<\/div><\/div>\n\n\n\n<h3 class=\"wp-block-heading\">Befolkning<\/h3>\n\n\n\n<div class=\"wp-block-media-text is-stacked-on-mobile\" style=\"grid-template-columns:44% auto\"><figure class=\"wp-block-media-text__media\"><img loading=\"lazy\" decoding=\"async\" width=\"400\" height=\"300\" src=\"https:\/\/staging.bjorkoarholma.se\/wp-content\/uploads\/2021\/03\/Om-Bjorko-Befolkning-400x300px.jpg\" alt=\"\" class=\"wp-image-874 size-full\" srcset=\"https:\/\/staging.bjorkoarholma.se\/wp-content\/uploads\/2021\/03\/Om-Bjorko-Befolkning-400x300px.jpg 400w, https:\/\/staging.bjorkoarholma.se\/wp-content\/uploads\/2021\/03\/Om-Bjorko-Befolkning-400x300px-300x225.jpg 300w\" sizes=\"(max-width: 400px) 100vw, 400px\" \/><\/figure><div class=\"wp-block-media-text__content\">\n<p>Bj\u00f6rk\u00f6 har en fast befolkning p\u00e5 330 personer och Arholma omkring 60 personer. Under sommaren, n\u00e4r de \u00f6ver 1000 fritidshusen fylls med semesterfirare \u00f6kar befolkningen rej\u00e4lt. M\u00e5nga Bj\u00f6rk\u00f6bor jobbar inom bygg och anl\u00e4ggning eller med service av olika slag. N\u00e5gra pendlar till Norrt\u00e4lje och m\u00e5nga \u00e4r pension\u00e4rer. Det finns gott om h\u00e4star och hundar, en hel del f\u00e5r och n\u00e5gra kor. H\u00e4r finns m\u00e5nga j\u00e4gare och n\u00e5gra jordbrukare. Det finns 75 f\u00f6retag p\u00e5 Bj\u00f6rk\u00f6, de flesta enmansf\u00f6retag.<\/p>\n<\/div><\/div>\n","protected":false},"excerpt":{"rendered":"<p>Bj\u00f6rk\u00f6 i Norrt\u00e4lje Du hittar v\u00e5rt Bj\u00f6rk\u00f6 i den norra delen av Stockholms sk\u00e4rg\u00e5rd, i Norrt\u00e4lje kommun. Kommunikationer Kom hit med bil\u00a0eller buss 636 \u00d6n har bilv\u00e4g till fastlandet och flera dagliga bussturer till Norrt\u00e4lje, Stockholm och Uppsala. Landsv\u00e4gen, som \u00e4r b\u00e5de krokig och&#8230;<\/p>\n","protected":false},"author":5,"featured_media":0,"parent":0,"menu_order":0,"comment_status":"closed","ping_status":"closed","template":"","meta":{"_monsterinsights_skip_tracking":false,"_monsterinsights_sitenote_active":false,"_monsterinsights_sitenote_note":"","_monsterinsights_sitenote_category":0,"footnotes":""},"class_list":["post-3049","page","type-page","status-publish","hentry"],"aioseo_notices":[],"_links":{"self":[{"href":"https:\/\/staging.bjorkoarholma.se\/index.php?rest_route=\/wp\/v2\/pages\/3049","targetHints":{"allow":["GET"]}}],"collection":[{"href":"https:\/\/staging.bjorkoarholma.se\/index.php?rest_route=\/wp\/v2\/pages"}],"about":[{"href":"https:\/\/staging.bjorkoarholma.se\/index.php?rest_route=\/wp\/v2\/types\/page"}],"author":[{"embeddable":true,"href":"https:\/\/staging.bjorkoarholma.se\/index.php?rest_route=\/wp\/v2\/users\/5"}],"replies":[{"embeddable":true,"href":"https:\/\/staging.bjorkoarholma.se\/index.php?rest_route=%2Fwp%2Fv2%2Fcomments&post=3049"}],"version-history":[{"count":3,"href":"https:\/\/staging.bjorkoarholma.se\/index.php?rest_route=\/wp\/v2\/pages\/3049\/revisions"}],"predecessor-version":[{"id":3054,"href":"https:\/\/staging.bjorkoarholma.se\/index.php?rest_route=\/wp\/v2\/pages\/3049\/revisions\/3054"}],"wp:attachment":[{"href":"https:\/\/staging.bjorkoarholma.se\/index.php?rest_route=%2Fwp%2Fv2%2Fmedia&parent=3049"}],"curies":[{"name":"wp","href":"https:\/\/api.w.org\/{rel}","templated":true}]}}