{"id":3508,"date":"2024-04-08T12:06:00","date_gmt":"2024-04-08T12:06:00","guid":{"rendered":"https:\/\/staging.bjorkoarholma.se\/?page_id=3508"},"modified":"2024-04-08T12:11:43","modified_gmt":"2024-04-08T12:11:43","slug":"arsmote-2024","status":"publish","type":"page","link":"https:\/\/staging.bjorkoarholma.se\/?page_id=3508","title":{"rendered":"\u00c5rsm\u00f6te 2024"},"content":{"rendered":"\n<h1 class=\"wp-block-heading\">V\u00e4lkommen till \u00e5rsm\u00f6te 2024<\/h1>\n\n\n\n<p><strong>Onsdag 10 juli kl 19:00<\/strong><br>Hembygdsg\u00e5rden<br>Stora Marumsv\u00e4gen 13<\/p>\n\n\n\n<p>Alla medlemmar \u00e4r v\u00e4lkomna.<\/p>\n\n\n\n<h3 class=\"wp-block-heading\">Handlingar inf\u00f6r \u00e5rsm\u00f6tet:<\/h3>\n\n\n\n<p><a href=\"https:\/\/staging.bjorkoarholma.se\/wp-content\/uploads\/2024\/04\/Kallelse-arsmote-2024-1.pdf\" title=\"\">Kallelse \u00e5rsm\u00f6te 2024<\/a><\/p>\n\n\n\n<p><a href=\"https:\/\/staging.bjorkoarholma.se\/wp-content\/uploads\/2024\/04\/Verksamhetsberattelse-2023.pdf\" target=\"_blank\" rel=\"noopener\" title=\"\">Verksamhetsber\u00e4ttelse 2023<\/a><\/p>\n\n\n\n<p>\u00c5rsbokslut 2023 kommer inom kort.<\/p>\n\n\n\n<p><\/p>\n","protected":false},"excerpt":{"rendered":"<p>V\u00e4lkommen till \u00e5rsm\u00f6te 2024 Onsdag 10 juli kl 19:00Hembygdsg\u00e5rdenStora Marumsv\u00e4gen 13 Alla medlemmar \u00e4r v\u00e4lkomna. Handlingar inf\u00f6r \u00e5rsm\u00f6tet: Kallelse \u00e5rsm\u00f6te 2024 Verksamhetsber\u00e4ttelse 2023 \u00c5rsbokslut 2023 kommer inom kort.<\/p>\n","protected":false},"author":5,"featured_media":0,"parent":0,"menu_order":0,"comment_status":"closed","ping_status":"closed","template":"","meta":{"_monsterinsights_skip_tracking":false,"_monsterinsights_sitenote_active":false,"_monsterinsights_sitenote_note":"","_monsterinsights_sitenote_category":0,"footnotes":""},"class_list":["post-3508","page","type-page","status-publish","hentry"],"aioseo_notices":[],"_links":{"self":[{"href":"https:\/\/staging.bjorkoarholma.se\/index.php?rest_route=\/wp\/v2\/pages\/3508","targetHints":{"allow":["GET"]}}],"collection":[{"href":"https:\/\/staging.bjorkoarholma.se\/index.php?rest_route=\/wp\/v2\/pages"}],"about":[{"href":"https:\/\/staging.bjorkoarholma.se\/index.php?rest_route=\/wp\/v2\/types\/page"}],"author":[{"embeddable":true,"href":"https:\/\/staging.bjorkoarholma.se\/index.php?rest_route=\/wp\/v2\/users\/5"}],"replies":[{"embeddable":true,"href":"https:\/\/staging.bjorkoarholma.se\/index.php?rest_route=%2Fwp%2Fv2%2Fcomments&post=3508"}],"version-history":[{"count":7,"href":"https:\/\/staging.bjorkoarholma.se\/index.php?rest_route=\/wp\/v2\/pages\/3508\/revisions"}],"predecessor-version":[{"id":3520,"href":"https:\/\/staging.bjorkoarholma.se\/index.php?rest_route=\/wp\/v2\/pages\/3508\/revisions\/3520"}],"wp:attachment":[{"href":"https:\/\/staging.bjorkoarholma.se\/index.php?rest_route=%2Fwp%2Fv2%2Fmedia&parent=3508"}],"curies":[{"name":"wp","href":"https:\/\/api.w.org\/{rel}","templated":true}]}}