{"id":67,"date":"2021-03-11T15:54:08","date_gmt":"2021-03-11T15:54:08","guid":{"rendered":"https:\/\/qyzqw.beeweb.se\/?page_id=67"},"modified":"2024-02-19T15:09:07","modified_gmt":"2024-02-19T15:09:07","slug":"stadgar","status":"publish","type":"page","link":"https:\/\/staging.bjorkoarholma.se\/?page_id=67","title":{"rendered":"Stadgar"},"content":{"rendered":"\n<h1 class=\"wp-block-heading\">BJ\u00d6RK\u00d6-ARHOLMA HEMBYGDSF\u00d6RENING<\/h1>\n\n\n\n<h6 class=\"wp-block-heading\"><strong>\u00a71 NAMN, VERKSAMHETSOMR\u00c5DE OCH KARAKT\u00c4R<\/strong><\/h6>\n\n\n\n<p>F\u00f6reningens namn \u00e4r Bj\u00f6rk\u00f6-Arholma Hembygdsf\u00f6rening.<\/p>\n\n\n\n<p>Bj\u00f6rk\u00f6-Arholma Hembygdsf\u00f6rening \u00e4r en ideell f\u00f6rening, som \u00e4r partipolitiskt och religi\u00f6st obunden. F\u00f6reningens geografiska verksamhetsomr\u00e5de \u00e4r&nbsp;Bj\u00f6rk\u00f6-Arholmabygden i Norrt\u00e4lje kommun, Stockholms l\u00e4n.<\/p>\n\n\n\n<p>Som medlem i Stockholms l\u00e4ns hembygdsf\u00f6rbund omfattas f\u00f6reningen av Hembygdsr\u00f6relsens \u00e4ndam\u00e5l och ideologiska grund.<\/p>\n\n\n\n<h6 class=\"wp-block-heading\"><strong>\u00a72 HEMBYGDSF\u00d6RENINGENS \u00c4NDAM\u00c5L<\/strong><\/h6>\n\n\n\n<p>Bj\u00f6rk\u00f6-Arholma Hembygdsf\u00f6rening ska verka f\u00f6r att kunskapen om och k\u00e4nslan f\u00f6r bygdens kultur- och naturarv f\u00f6rdjupas och f\u00f6rs vidare samt att minnen och milj\u00f6er tas till vara och g\u00f6rs tillg\u00e4ngliga.<\/p>\n\n\n\n<p>Bj\u00f6rk\u00f6-Arholma Hembygdsf\u00f6rening ska genom sin verksamhet bidra till trivsel och samverkan p\u00e5 orten.<\/p>\n\n\n\n<h6 class=\"wp-block-heading\"><strong>\u00a73 HEMBYGDSF\u00d6RENINGENS ORGANISATION<\/strong><\/h6>\n\n\n\n<p>F\u00f6reningen best\u00e5r av r\u00f6stber\u00e4ttigade medlemmar och familjemedlemmar som \u00e4r&nbsp;intresserade av att p\u00e5 olika s\u00e4tt st\u00f6dja f\u00f6reningens arbete och fr\u00e4mja hembygdsarbetet.<br>F\u00f6reningens h\u00f6gsta beslutande organ \u00e4r \u00e5rsm\u00f6tet som utser styrelse f\u00f6r f\u00f6reningen.<br>Mellan \u00e5rsm\u00f6tena \u00e4r styrelsen h\u00f6gsta beslutande organ.<\/p>\n\n\n\n<p>F\u00f6reningens verksamhets\u00e5r utg\u00f6rs av tiden 1\/1 till 31\/12.<\/p>\n\n\n\n<h6 class=\"wp-block-heading\"><strong>\u00a74 MEDLEMSM\u00d6TEN<\/strong><\/h6>\n\n\n\n<p>Som ett inslag i f\u00f6reningens verksamhet anordnas m\u00f6ten som behandlar angel\u00e4gna fr\u00e5gor.Vid s\u00e5dana m\u00f6ten kan \u00e4ven interna f\u00f6reningsangel\u00e4genheter diskuteras och beslut i dessa fattas, under f\u00f6ruts\u00e4ttning att de \u00e4renden som ska behandlas har angivits i den kallelse som ska vara medlemmarna tillhanda senast tv\u00e5 veckor f\u00f6re m\u00f6tet.<\/p>\n\n\n\n<h6 class=\"wp-block-heading\"><strong>\u00a75 MEDLEMSKAP<\/strong><\/h6>\n\n\n\n<p>Personer som \u00e4r intresserade av Bj\u00f6rk\u00f6-Arholmabygden, vill st\u00f6dja f\u00f6reningens arbete och fr\u00e4mja hembygdsarbetet \u00e4r v\u00e4lkomna som medlemmar.<\/p>\n\n\n\n<p>Medlem som agerar p\u00e5 s\u00e4tt som skadar f\u00f6reningen kan uteslutas ur f\u00f6reningen efter beslut av f\u00f6reningens styrelse.<\/p>\n\n\n\n<h6 class=\"wp-block-heading\"><strong>\u00a76 AVGIFTER<\/strong><\/h6>\n\n\n\n<p>Medlemsavgiften beslutas av ordinarie \u00e5rsm\u00f6te.<\/p>\n\n\n\n<h6 class=\"wp-block-heading\"><strong>\u00a77 LOKALT SAMARBETE<\/strong><\/h6>\n\n\n\n<p>F\u00f6reningen ska efterstr\u00e4va samarbete med andra f\u00f6reningar p\u00e5 orten och kan intr\u00e4da som medlem i lokala sammanslutningar vars \u00e4ndam\u00e5l gagnar v\u00e5r verksamhet.<\/p>\n\n\n\n<p>Beslut om intr\u00e4de i, och uttr\u00e4de ur, s\u00e5dana sammanslutningar fattas av f\u00f6reningens styrelse, som ocks\u00e5 beslutar om f\u00f6reningens representation.<\/p>\n\n\n\n<h6 class=\"wp-block-heading\"><strong>\u00a78 BILDANDET AV S\u00c4RSKILDA KOMMITT\u00c9ER<\/strong><\/h6>\n\n\n\n<p>F\u00f6r \u00e4ndam\u00e5l som gagnar f\u00f6reningens verksamhet kan \u00e5rsm\u00f6tet besluta att bilda kommitt\u00e9er.<\/p>\n\n\n\n<h6 class=\"wp-block-heading\"><strong>\u00a79 ORDINARIE \u00c5RSM\u00d6TE<\/strong><\/h6>\n\n\n\n<p>\u00c5rsm\u00f6te med f\u00f6reningen ska h\u00e5llas senast under juli-augusti m\u00e5nad p\u00e5 tid och plats som styrelsen beslutar.<\/p>\n\n\n\n<p>Skriftlig kallelse till \u00e5rsm\u00f6te meddelas medlemmarna senast en vecka f\u00f6re m\u00f6tet.<\/p>\n\n\n\n<p>Vid ordinarie \u00e5rsm\u00f6te ska f\u00f6ljande \u00e4renden behandlas:<\/p>\n\n\n\n<ol class=\"wp-block-list\">\n<li>Fr\u00e5ga om \u00e5rsm\u00f6tets stadgeenliga utlysande<\/li>\n\n\n\n<li>Val av \u00e5rsm\u00f6tesfunktion\u00e4rer:<br>\u00b7 m\u00f6tesordf\u00f6rande<br>\u00b7 m\u00f6tessekreterare<br>\u00b7 tv\u00e5 protokolljusterare<\/li>\n\n\n\n<li>Fastst\u00e4llande av dagordning<\/li>\n\n\n\n<li>\u00c5rsredovisning\u00b7<br>\u00b7 F\u00f6redragning av verksamhetsber\u00e4ttelse med tillh\u00f6rande ekonomisk rapport<br>\u00b7 F\u00f6redragning av revisorernas ber\u00e4ttelse<br>\u00b7 Fastst\u00e4llande av resultat\u2013 och balansr\u00e4kning<br>\u00b7 Fr\u00e5ga om ansvarsfrihet f\u00f6r styrelsens ledam\u00f6ter<br>\u00b7 Fastst\u00e4llande av eventuella arvoden och traktamenten till styrelsens ledam\u00f6ter samt av andra ers\u00e4ttningar<\/li>\n\n\n\n<li>&nbsp;Val av:<br>\u00b7 ordf\u00f6rande f\u00f6r n\u00e4stkommande verksamhets\u00e5r<br>\u00b7 tre ordinarie styrelseledam\u00f6ter f\u00f6r de n\u00e4stkommande tv\u00e5 verksamhets\u00e5ren<br>\u00b7 minst en ers\u00e4ttare f\u00f6r de n\u00e4stkommande tv\u00e5 verksamhets\u00e5ren<br>\u00b7 ledam\u00f6ter till arbetsgrupper och kommitt\u00e9er<br>\u00b7 tv\u00e5 revisorer f\u00f6r n\u00e4stkommande verksamhets\u00e5r<br>\u00b7 en ers\u00e4ttare f\u00f6r revisorerna f\u00f6r n\u00e4stkommande verksamhets\u00e5r<br>\u00b7 ombud till det regionala hembygdsf\u00f6rbundets \u00e5rsm\u00f6te<br>\u00b7 valberedning om h\u00f6gst fem ledam\u00f6ter, varav en sammankallande<\/li>\n\n\n\n<li>Behandling av inkomna motioner och styrelsens f\u00f6rslag<\/li>\n\n\n\n<li>Fastst\u00e4llande av avgifter till f\u00f6reningen<\/li>\n<\/ol>\n\n\n\n<p>Motion till f\u00f6reningens \u00e5rsm\u00f6te kan v\u00e4ckas av medlem i f\u00f6reningen. S\u00e5dan motion ska vara f\u00f6reningens styrelse tillhanda senast fyra veckor f\u00f6re \u00e5rsm\u00f6tet.<\/p>\n\n\n\n<p>\u00c5rsm\u00f6tets beslut fattas med enkel majoritet, utom d\u00e5 dessa stadgar f\u00f6reskriver annat. Vid lika r\u00f6stetal avg\u00f6r Hembygdsf\u00f6reningens ordf\u00f6rande vid \u00f6ppen omr\u00f6stning medan lotten avg\u00f6r vid sluten omr\u00f6stning. Beg\u00e4rs votering vid personval ska denna ske genom sluten omr\u00f6stning.<\/p>\n\n\n\n<p>F\u00f6r \u00e4ndring av stadgarna kr\u00e4vs att minst tv\u00e5 tredjedelar av de n\u00e4rvarande \u00e4r eniga i tv\u00e5 p\u00e5 varandra f\u00f6ljande medlemsm\u00f6ten. Se \u00a7 13<\/p>\n\n\n\n<h6 class=\"wp-block-heading\"><strong>\u00a7 10 EXTRA MEDLEMSM\u00d6TE<\/strong><\/h6>\n\n\n\n<p>Extra medlemsm\u00f6te ska h\u00e5llas n\u00e4r f\u00f6reningens styrelse eller revisorerna finner det angel\u00e4get eller n\u00e4r minst 20 procent av f\u00f6reningens medlemmar beg\u00e4r det i skrivelse till f\u00f6reningens ordf\u00f6rande.<\/p>\n\n\n\n<p>Kallelse till extra medlemsm\u00f6te ska ske minst 30 dagar f\u00f6re m\u00f6tet.<\/p>\n\n\n\n<p>Extra medlemsm\u00f6te kan endast besluta i de \u00e4renden som tagits upp p\u00e5 den dagordning, som medlemmarna f\u00e5tt i samband med kallelsen.<br>Vid extra medlemsm\u00f6te g\u00e4ller i \u00f6vrigt vad som stadgas f\u00f6r ordinarie \u00e5rsm\u00f6te.<\/p>\n\n\n\n<h6 class=\"wp-block-heading\"><strong>\u00a7 11 HEMBYGDSF\u00d6RENINGENS STYRELSE<\/strong><\/h6>\n\n\n\n<p>Mellan \u00e5rsm\u00f6tena \u00e4r styrelsen f\u00f6reningens h\u00f6gsta beslutande organ.<br>Styrelsen leder f\u00f6reningens verksamhet i enlighet med dessa stadgars \u00e4ndam\u00e5lsparagraf och \u00e5rsm\u00f6tets beslut.<\/p>\n\n\n\n<p>Styrelsen ska ocks\u00e5:<\/p>\n\n\n\n<ul class=\"wp-block-list\">\n<li>inom sig utse de olika funktionerna.<\/li>\n\n\n\n<li>svara f\u00f6r att bokf\u00f6ring och medelsf\u00f6rvaltning \u00e4r ordnade p\u00e5 betryggande s\u00e4tt och att iaktta de f\u00f6reskrifter som kan g\u00e4lla f\u00f6r influtna medel<\/li>\n\n\n\n<li>till riksf\u00f6rbundet och det regionala hembygdsf\u00f6rbundet l\u00e4mna de uppgifter dessa beg\u00e4r.<\/li>\n\n\n\n<li>Styrelsen ska best\u00e5 av sju ordinarie ledam\u00f6ter och minst tv\u00e5 ers\u00e4ttare.<\/li>\n<\/ul>\n\n\n\n<p>Ordf\u00f6rande v\u00e4ljs av \u00e5rsm\u00f6tet med en mandattid p\u00e5 ett \u00e5r.<br>Ledam\u00f6ter och ers\u00e4ttare har en mandattid p\u00e5 tv\u00e5 \u00e5r.<br>Kallelse till sammantr\u00e4de ska uts\u00e4ndas senast tv\u00e5 veckor i f\u00f6rv\u00e4g.<br>Styrelsen \u00e4r beslutsm\u00e4ssig d\u00e5 minst tre ledam\u00f6ter \u00e4r n\u00e4rvarande och deltar i beslutet. Styrelsens beslut fattas med enkel majoritet. Vid lika r\u00f6stetal har tj\u00e4nstg\u00f6rande ordf\u00f6rande utslagsr\u00f6st.<\/p>\n\n\n\n<p>Vid sammantr\u00e4de f\u00f6rs protokoll som justeras p\u00e5 s\u00e4tt som styrelsen beslutar.<\/p>\n\n\n\n<p>F\u00f6reningens firma tecknas av ordf\u00f6rande och kass\u00f6r, var f\u00f6r sig. Teckning av f\u00f6reningens plusgiro- och bank\u00e4renden sker p\u00e5 s\u00e4tt som regleras i attestordning fastst\u00e4lld av styrelsen.<\/p>\n\n\n\n<h6 class=\"wp-block-heading\"><strong>\u00a7 12 R\u00c4KENSKAPER OCH REVISION<\/strong><\/h6>\n\n\n\n<p>F\u00f6reningens r\u00e4kenskaper f\u00f6rs per 1\/1 \u2013 31\/12<\/p>\n\n\n\n<p>F\u00f6r granskning av styrelsens f\u00f6rvaltning och f\u00f6reningens r\u00e4kenskaper utses vid \u00e5rsm\u00f6te tv\u00e5 revisorer och en ers\u00e4ttare f\u00f6r dessa.<\/p>\n\n\n\n<p>Styrelsen ska senast den 31\/1 till revisorerna \u00f6verl\u00e4mna uppgift om f\u00f6reningens ekonomiska st\u00e4llning samt \u00f6vriga f\u00f6r revisionen erforderliga handlingar.<\/p>\n\n\n\n<p>Revisorerna ska fortl\u00f6pande utf\u00f6ra sitt granskningsarbete. De skall senast den 15 juni till styrelsen \u00f6verl\u00e4mna revisionsber\u00e4ttelse med till- eller avstyrkan av ansvarsfrihet, att framl\u00e4ggas vid f\u00f6reningens \u00e5rsm\u00f6te.<\/p>\n\n\n\n<h6 class=\"wp-block-heading\"><strong>\u00a7 13 STADGE\u00c4NDRING<\/strong><\/h6>\n\n\n\n<p>F\u00f6r \u00e4ndring av stadgarna kr\u00e4vs att minst tv\u00e5 tredjedelar av de n\u00e4rvarande \u00e4r eniga vid tv\u00e5 p\u00e5 varandra f\u00f6ljande medlemsm\u00f6ten.<\/p>\n\n\n\n<h6 class=\"wp-block-heading\"><strong>\u00a7 14 UPPL\u00d6SNING<\/strong><\/h6>\n\n\n\n<p>Beslut om uppl\u00f6sning av f\u00f6reningen kan fattas endast om f\u00f6reningens styrelse framlagt s\u00e5dant f\u00f6rslag och att detta f\u00f6rslag godk\u00e4nns vid tv\u00e5 p\u00e5 varandra f\u00f6ljande medlemsm\u00f6ten, varav det ena ska vara ett ordinarie \u00e5rsm\u00f6te. Vid m\u00f6tet ska minst tre fj\u00e4rdedelar av de r\u00f6stber\u00e4ttigade godk\u00e4nna beslutet. Kallelse till det senare m\u00f6tet f\u00e5r inte ske f\u00f6rr\u00e4n justerat protokoll fr\u00e5n det f\u00f6rsta m\u00f6tet f\u00f6religger.<\/p>\n\n\n\n<p>I samband med uppl\u00f6sning fattas beslut om hur f\u00f6reningens tillg\u00e5ngar ska f\u00f6rvaltas. Detta beslut fattas i samma ordning som beslut om uppl\u00f6sning.<\/p>\n\n\n\n<p>Hembygdsf\u00f6reningens arkivalier \u00f6verl\u00e4mnas till folkr\u00f6relsearkiv eller annat arkiv s\u00e5 n\u00e4ra ursprungsorten som m\u00f6jligt.<\/p>\n\n\n\n<h6 class=\"wp-block-heading\">Bj\u00f6rk\u00f6 6 juli 2011 och 11 juli 2012<\/h6>\n\n\n\n<h6 class=\"wp-block-heading\">BJ\u00d6RK\u00d6-ARHOLMA HEMBYGDSF\u00d6RENING<\/h6>\n","protected":false},"excerpt":{"rendered":"<p>BJ\u00d6RK\u00d6-ARHOLMA HEMBYGDSF\u00d6RENING \u00a71 NAMN, VERKSAMHETSOMR\u00c5DE OCH KARAKT\u00c4R F\u00f6reningens namn \u00e4r Bj\u00f6rk\u00f6-Arholma Hembygdsf\u00f6rening. Bj\u00f6rk\u00f6-Arholma Hembygdsf\u00f6rening \u00e4r en ideell f\u00f6rening, som \u00e4r partipolitiskt och religi\u00f6st obunden. F\u00f6reningens geografiska verksamhetsomr\u00e5de \u00e4r&nbsp;Bj\u00f6rk\u00f6-Arholmabygden i Norrt\u00e4lje kommun, Stockholms l\u00e4n. Som medlem i Stockholms l\u00e4ns hembygdsf\u00f6rbund omfattas f\u00f6reningen av Hembygdsr\u00f6relsens \u00e4ndam\u00e5l&#8230;<\/p>\n","protected":false},"author":1,"featured_media":0,"parent":0,"menu_order":0,"comment_status":"closed","ping_status":"closed","template":"","meta":{"_monsterinsights_skip_tracking":false,"_monsterinsights_sitenote_active":false,"_monsterinsights_sitenote_note":"","_monsterinsights_sitenote_category":0,"footnotes":""},"class_list":["post-67","page","type-page","status-publish","hentry"],"aioseo_notices":[],"_links":{"self":[{"href":"https:\/\/staging.bjorkoarholma.se\/index.php?rest_route=\/wp\/v2\/pages\/67","targetHints":{"allow":["GET"]}}],"collection":[{"href":"https:\/\/staging.bjorkoarholma.se\/index.php?rest_route=\/wp\/v2\/pages"}],"about":[{"href":"https:\/\/staging.bjorkoarholma.se\/index.php?rest_route=\/wp\/v2\/types\/page"}],"author":[{"embeddable":true,"href":"https:\/\/staging.bjorkoarholma.se\/index.php?rest_route=\/wp\/v2\/users\/1"}],"replies":[{"embeddable":true,"href":"https:\/\/staging.bjorkoarholma.se\/index.php?rest_route=%2Fwp%2Fv2%2Fcomments&post=67"}],"version-history":[{"count":4,"href":"https:\/\/staging.bjorkoarholma.se\/index.php?rest_route=\/wp\/v2\/pages\/67\/revisions"}],"predecessor-version":[{"id":2706,"href":"https:\/\/staging.bjorkoarholma.se\/index.php?rest_route=\/wp\/v2\/pages\/67\/revisions\/2706"}],"wp:attachment":[{"href":"https:\/\/staging.bjorkoarholma.se\/index.php?rest_route=%2Fwp%2Fv2%2Fmedia&parent=67"}],"curies":[{"name":"wp","href":"https:\/\/api.w.org\/{rel}","templated":true}]}}